{"id":2967,"date":"2023-03-29T17:26:05","date_gmt":"2023-03-29T15:26:05","guid":{"rendered":"https:\/\/www.daphneboutique.fr\/?post_type=product&#038;p=2967"},"modified":"2023-03-29T17:29:20","modified_gmt":"2023-03-29T15:29:20","slug":"lampe-envol-de-salon","status":"publish","type":"product","link":"https:\/\/www.daphneboutique.fr\/index.php\/product\/lampe-envol-de-salon\/","title":{"rendered":"Lampe Envol, de salon"},"content":{"rendered":"<p><em>Dimensions : 1200 x 140 mm (lampes de salon \u2013 2 200\u20ac TTC)<\/em><\/p>\n<p>Quand le bois suit le geste de la main elle-m\u00eame anim\u00e9e par la flamme de la passion qui guide notre travail..<br \/>\nDerni\u00e8res n\u00e9es : ces lampes \u00ab Envol \u00bb dessin\u00e9es et r\u00e9alis\u00e9es par les Ateliers BdM dans la lign\u00e9e de la Lampe Itin\u00e9raire.<\/p>\n<p>Bandeau de led int\u00e9gr\u00e9 pour l\u2019ambiance chaleureuse, pot directionnel led \u00e9galement plus fort pour la lecture.<br \/>\nCes s\u00e9ries ont \u00e9t\u00e9 r\u00e9alis\u00e9es selon le choix des commanditaires, en acajou et en sycomore. Noyer\/Sycomore.<br \/>\nChoix des placages fonc\u00e9s\/clairs possible &#8211; Comptez 6 semaines \u00e0 compter de votre commande.<\/p>\n","protected":false},"excerpt":{"rendered":"<div class=\"kvgmc6g5 cxmmr5t8 oygrvhab hcukyx3x c1et5uql ii04i59q\">\n<div dir=\"auto\">\n<div class=\"kvgmc6g5 cxmmr5t8 oygrvhab hcukyx3x c1et5uql ii04i59q\">\n<div dir=\"auto\">\n<p><em>Dimensions : 700 x 140 mm (lampes de table \u2013 1 400\u20ac TTC)<\/em><\/p>\n<p>Quand le bois suit le geste de la main elle-m\u00eame anim\u00e9e par la flamme de la passion qui guide notre travail..<br \/>\nDerni\u00e8res n\u00e9es : ces lampes \u00ab Envol \u00bb dessin\u00e9es et r\u00e9alis\u00e9es par les Ateliers BdM dans la lign\u00e9e de la Lampe Itin\u00e9raire.<\/p>\n<p>Bandeau de led int\u00e9gr\u00e9 pour l\u2019ambiance chaleureuse, pot directionnel led \u00e9galement plus fort pour la lecture.<br \/>\nCes s\u00e9ries ont \u00e9t\u00e9 r\u00e9alis\u00e9es selon le choix des commanditaires, en acajou et en sycomore. Noyer\/Sycomore.<br \/>\nChoix des placages fonc\u00e9s\/clairs possible &#8211; Comptez 6 semaines \u00e0 compter de votre commande.<\/p>\n<\/div>\n<\/div>\n<\/div>\n<\/div>\n","protected":false},"featured_media":2968,"template":"","meta":[],"product_cat":[99],"product_tag":[],"_links":{"self":[{"href":"https:\/\/www.daphneboutique.fr\/index.php\/wp-json\/wp\/v2\/product\/2967"}],"collection":[{"href":"https:\/\/www.daphneboutique.fr\/index.php\/wp-json\/wp\/v2\/product"}],"about":[{"href":"https:\/\/www.daphneboutique.fr\/index.php\/wp-json\/wp\/v2\/types\/product"}],"wp:featuredmedia":[{"embeddable":true,"href":"https:\/\/www.daphneboutique.fr\/index.php\/wp-json\/wp\/v2\/media\/2968"}],"wp:attachment":[{"href":"https:\/\/www.daphneboutique.fr\/index.php\/wp-json\/wp\/v2\/media?parent=2967"}],"wp:term":[{"taxonomy":"product_cat","embeddable":true,"href":"https:\/\/www.daphneboutique.fr\/index.php\/wp-json\/wp\/v2\/product_cat?post=2967"},{"taxonomy":"product_tag","embeddable":true,"href":"https:\/\/www.daphneboutique.fr\/index.php\/wp-json\/wp\/v2\/product_tag?post=2967"}],"curies":[{"name":"wp","href":"https:\/\/api.w.org\/{rel}","templated":true}]}}