{"id":2896,"date":"2023-01-20T10:39:48","date_gmt":"2023-01-20T09:39:48","guid":{"rendered":"https:\/\/www.daphneboutique.fr\/?post_type=product&#038;p=2896"},"modified":"2026-03-10T11:23:00","modified_gmt":"2026-03-10T10:23:00","slug":"chapelet-en-olivier","status":"publish","type":"product","link":"https:\/\/www.daphneboutique.fr\/index.php\/product\/chapelet-en-olivier\/","title":{"rendered":"Chapelet en olivier"},"content":{"rendered":"<p>Chapelet personnalisable fabriqu\u00e9 en bois d\u2019olivier de Bethl\u00e9em dans sa pochette. Ici avec les pr\u00e9noms et les dates de bapt\u00eames grav\u00e9s sur un c\u00f4t\u00e9. Souviens toi de ton bapt\u00eame !<\/p>\n<p>Chapelet catholique \u00e0 5 d\u00e9cades. Chaque chapelet comprend 53 perles \u00ab Je vous salue Marie \u00bb et 6 perles \u00ab Notre P\u00e8re \u00bb.<br \/>\nLe chapelet est divis\u00e9 en cinq d\u00e9cades (ensembles de dix perles) repr\u00e9sentant un \u00e9v\u00e9nement dans la vie de J\u00e9sus. 59 perles au total.<\/p>\n<p>Comprend une pochette en coton naturel. Les chapelets sont emball\u00e9s dans une pochette en coton naturel avec cordon de serrage.<\/p>\n<p>Perles de 8 mm faites main. Le cercle interne du chapelet fait 26,7\u00a0cm, et il mesure 39,3\u00a0cm de bout en bout.<br \/>\nLes perles mesurent environ 8 mm de diam\u00e8tre. Le crucifix fait 3,7 cm de long et 2,5 cm de large.<\/p>\n","protected":false},"excerpt":{"rendered":"<p>Chapelet personnalisable fabriqu\u00e9 en bois d\u2019olivier de Bethl\u00e9em dans sa pochette. Ici avec les pr\u00e9noms et les dates de bapt\u00eames grav\u00e9s sur un c\u00f4t\u00e9. Souviens toi de ton bapt\u00eame !<\/p>\n<p>Chapelet catholique \u00e0 5 d\u00e9cades. Chaque chapelet comprend 53 perles \u00ab Je vous salue Marie \u00bb et 6 perles \u00ab Notre P\u00e8re \u00bb.<br \/>\nLe chapelet est divis\u00e9 en cinq d\u00e9cades (ensembles de dix perles) repr\u00e9sentant un \u00e9v\u00e9nement dans la vie de J\u00e9sus. 59 perles au total.<\/p>\n<p>Comprend une pochette en coton naturel. Les chapelets sont emball\u00e9s dans une pochette en coton naturel avec cordon de serrage.<\/p>\n<p>Perles de 8 mm faites main. Le cercle interne du chapelet fait 26,7\u00a0cm, et il mesure 39,3\u00a0cm de bout en bout.<br \/>\nLes perles mesurent environ 8 mm de diam\u00e8tre. Le crucifix fait 3,7 cm de long et 2,5 cm de large.<\/p>\n","protected":false},"featured_media":3057,"template":"","meta":[],"product_cat":[96,30],"product_tag":[],"_links":{"self":[{"href":"https:\/\/www.daphneboutique.fr\/index.php\/wp-json\/wp\/v2\/product\/2896"}],"collection":[{"href":"https:\/\/www.daphneboutique.fr\/index.php\/wp-json\/wp\/v2\/product"}],"about":[{"href":"https:\/\/www.daphneboutique.fr\/index.php\/wp-json\/wp\/v2\/types\/product"}],"wp:featuredmedia":[{"embeddable":true,"href":"https:\/\/www.daphneboutique.fr\/index.php\/wp-json\/wp\/v2\/media\/3057"}],"wp:attachment":[{"href":"https:\/\/www.daphneboutique.fr\/index.php\/wp-json\/wp\/v2\/media?parent=2896"}],"wp:term":[{"taxonomy":"product_cat","embeddable":true,"href":"https:\/\/www.daphneboutique.fr\/index.php\/wp-json\/wp\/v2\/product_cat?post=2896"},{"taxonomy":"product_tag","embeddable":true,"href":"https:\/\/www.daphneboutique.fr\/index.php\/wp-json\/wp\/v2\/product_tag?post=2896"}],"curies":[{"name":"wp","href":"https:\/\/api.w.org\/{rel}","templated":true}]}}