{"id":282,"date":"2019-07-23T19:47:19","date_gmt":"2019-07-23T17:47:19","guid":{"rendered":"https:\/\/goya.everthemes.com\/demo-decor\/?post_type=product&#038;p=282"},"modified":"2026-02-21T13:54:39","modified_gmt":"2026-02-21T12:54:39","slug":"cast-sconce-wall-lamp","status":"publish","type":"product","link":"https:\/\/www.daphneboutique.fr\/index.php\/product\/cast-sconce-wall-lamp\/","title":{"rendered":"Immersion &lsquo;Au coeur de vos Mains\u00a0\u00bb au sein des Ateliers BdM (78)"},"content":{"rendered":"<div class=\"vc_row wpb_row vc_row-fluid gt-background-position-initial gt-background-attachment-initial gt-text-default vc_row-no-padding\" data-vc-full-width=\"true\" data-vc-full-width-init=\"true\" data-vc-stretch-content=\"true\">\n<div class=\"wpb_column vc_column_container vc_col-sm-12\">\n<div class=\"vc_column-inner\">\n<div class=\"wpb_wrapper\">\n<div class=\"vc_row wpb_row vc_inner vc_row-fluid\">\n<div class=\"wpb_column vc_column_container vc_col-sm-12 vc_col-lg-3\/5 vc_col-md-3\/5\">\n<div class=\"vc_column-inner\">\n<div class=\"wpb_wrapper\">\n<div class=\"gt-page-heading gt-dark gt-center\">\n<h2>Offrez-vous une journ\u00e9e hors du temps<\/h2>\n<h3>TRANSMETRE UNE PASSION &#8211; IDEE CADEAU<\/h3>\n<\/div>\n<div><\/div>\n<div class=\"vc_empty_space\">Offrez une \u00ab Invitation au c\u0153ur de vos Mains \u00bb et laissez l\u2019artisan choisir le jour de son immersion. Prochaines dates :<\/div>\n<\/div>\n<\/div>\n<\/div>\n<\/div>\n<\/div>\n<\/div>\n<\/div>\n<\/div>\n<div class=\"vc_row wpb_row vc_row-fluid gt-background-position-initial gt-background-attachment-initial gt-text-default\">\n<div class=\"wpb_animate_when_almost_visible wpb_top-to-bottom top-to-bottom wpb_column vc_column_container vc_col-sm-12 vc_col-lg-8 vc_col-md-8 wpb_start_animation animated\">\n<div class=\"vc_column-inner\">\n<div class=\"wpb_wrapper\">\n<div class=\"wpb_text_column wpb_content_element \">\n<div class=\"wpb_wrapper\">\n<h3><strong>Vendredi<\/strong><strong style=\"font-weight: bolder;margin-bottom: 0px\"> 12 juin 2026<br \/>\n(10 places maximum par journ\u00e9e)<\/strong><\/h3>\n<p>Prochaines immersions \u00ab Au coeur de vos mains \u00bb <strong>de 9h \u00e0 16h30<\/strong>.<\/p>\n<p>Venez r\u00e9aliser un plateau en bois (plateau d\u2019ap\u00e9ritif, planche \u00e0 d\u00e9couper, plateau \u00e0 fromages, planche pour la viande) ou un petit banc. Ces objets permettent d\u2019aller \u00e0 votre rythme et d\u2019exp\u00e9rimenter les techniques que vous souhaitez tout en allant au si loin que vous voulez. D\u00e9connectez de votre quotidien le temps d\u2019une journ\u00e9e.<\/p>\n<p>Pour toutes demandes d\u2019inscriptions ou envoi d\u2019une invitation (199\u20ac la journ\u00e9e, d\u00e9jeuner inclus), contactez laure@bdm.paris. N\u2019h\u00e9sitez pas \u00e0 diffuser l\u2019information.<\/p>\n<p>Vous pouvez \u00e9galement r\u00e9server directement sur ce lien en indiquant toutes les informations sur l&rsquo;invit\u00e9 (Adresse de l&rsquo;envoi du Bon d&rsquo;Invitation, niveau, attentes..)<\/p>\n<p>A deux pas de l\u2019abbaye des Vaux de Cernay, notre prochain atelier n\u2019attend que vous.<br \/>\nA tr\u00e8s bient\u00f4t au milieu de quelques copeaux !!<\/p>\n<p>L\u2019\u00e9quipe \u00ab Au coeur de vos mains \u00bb<\/p>\n<\/div>\n<\/div>\n<\/div>\n<\/div>\n<\/div>\n<\/div>\n<h4>Product Details<\/h4>\n<ul>\n<li>199\u20ac la journ\u00e9e, repas inclus, objet r\u00e9alis\u00e9 sur place \u00e0 emporter<\/li>\n<li>Possibilit\u00e9 d&rsquo;envoyer un Bon Invitation sur une feuille de placage<\/li>\n<li>Indiquez nous votre adresse postale ou l&rsquo;adresse o\u00f9 l&rsquo;envoyer<\/li>\n<li><a href=\"https:\/\/www.bdm.paris\/au-coeur-de-la-main\/\">https:\/\/www.bdm.paris\/au-coeur-de-la-main\/<\/a><\/li>\n<\/ul>\n","protected":false},"excerpt":{"rendered":"<div class=\"vc_row wpb_row vc_row-fluid gt-background-position-initial gt-background-attachment-initial gt-text-default vc_row-no-padding\" data-vc-full-width=\"true\" data-vc-full-width-init=\"true\" data-vc-stretch-content=\"true\">\n<div class=\"wpb_column vc_column_container vc_col-sm-12\">\n<div class=\"vc_column-inner\">\n<div class=\"wpb_wrapper\">\n<div class=\"vc_row wpb_row vc_inner vc_row-fluid\">\n<div class=\"wpb_column vc_column_container vc_col-sm-12 vc_col-lg-3\/5 vc_col-md-3\/5\">\n<div class=\"vc_column-inner\">\n<div class=\"wpb_wrapper\">\n<div class=\"vc_empty_space\" style=\"text-align: left\">Offrez une Invitation \u00ab&nbsp;Au coeur de vos Mains \u00bb et laissez ensuite l\u2019artisan choisir le jour de son immersion.<\/div>\n<div class=\"vc_empty_space\">Si vous savez d\u00e9j\u00e0 la date que vous souhaitez r\u00e9server, indiquez l\u00e0 nous surtout dans la rubrique souhaits\/remarques.<\/div>\n<\/div>\n<\/div>\n<\/div>\n<\/div>\n<\/div>\n<\/div>\n<\/div>\n<\/div>\n<h3 style=\"margin-top: 1em;margin-bottom: 1em;font-weight: 400;line-height: 1.4;font-size: 1.56em;font-family: -apple-system, BlinkMacSystemFont,\"><strong>Prochaine<\/strong><strong style=\"font-weight: bolder\">s <\/strong><strong>immersion<\/strong><strong style=\"font-weight: bolder\">s :<\/strong><strong style=\"font-weight: bolder;margin-bottom: 0px\"> <\/strong><strong>Vendred<\/strong><strong style=\"font-weight: bolder;margin-bottom: 0px\">i 12 juin 2026<br \/>\n(10 places maximum par journ\u00e9e)<\/strong><\/h3>\n<p><strong>R\u00e9servez directement ici et d\u00e9couvrez plus d\u2019informations gr\u00e2ce \u00e0 ce <a href=\"https:\/\/www.bdm.paris\/au-coeur-de-la-main\/\">Lien immersion \u00ab&nbsp;Au c\u0153ur de la Main&nbsp;\u00bbparticuliers <\/a><\/strong><\/p>\n<p>&nbsp;<\/p>\n","protected":false},"featured_media":2514,"template":"","meta":[],"product_cat":[38],"product_tag":[57,58,59,39],"_links":{"self":[{"href":"https:\/\/www.daphneboutique.fr\/index.php\/wp-json\/wp\/v2\/product\/282"}],"collection":[{"href":"https:\/\/www.daphneboutique.fr\/index.php\/wp-json\/wp\/v2\/product"}],"about":[{"href":"https:\/\/www.daphneboutique.fr\/index.php\/wp-json\/wp\/v2\/types\/product"}],"wp:featuredmedia":[{"embeddable":true,"href":"https:\/\/www.daphneboutique.fr\/index.php\/wp-json\/wp\/v2\/media\/2514"}],"wp:attachment":[{"href":"https:\/\/www.daphneboutique.fr\/index.php\/wp-json\/wp\/v2\/media?parent=282"}],"wp:term":[{"taxonomy":"product_cat","embeddable":true,"href":"https:\/\/www.daphneboutique.fr\/index.php\/wp-json\/wp\/v2\/product_cat?post=282"},{"taxonomy":"product_tag","embeddable":true,"href":"https:\/\/www.daphneboutique.fr\/index.php\/wp-json\/wp\/v2\/product_tag?post=282"}],"curies":[{"name":"wp","href":"https:\/\/api.w.org\/{rel}","templated":true}]}}