{"id":2688,"date":"2022-05-04T08:58:00","date_gmt":"2022-05-04T06:58:00","guid":{"rendered":"https:\/\/www.daphneboutique.fr\/index.php\/product\/plat-de-presentation-en-bois-brule-2\/"},"modified":"2022-05-04T09:03:15","modified_gmt":"2022-05-04T07:03:15","slug":"plat-de-presentation-en-bois-brule-2","status":"publish","type":"product","link":"https:\/\/www.daphneboutique.fr\/index.php\/product\/plat-de-presentation-en-bois-brule-2\/","title":{"rendered":"Plat de pr\u00e9sentation en bois brul\u00e9"},"content":{"rendered":"<p>Beau plat de pr\u00e9sentation en bois brul\u00e9, 45cm sur 30cm. Son c\u00f4t\u00e9 brut et moderne r\u00e9v\u00e8le la mati\u00e8re et est un avant go\u00fbt de ce que vous offrirez dedans \u00e0 vos convives !<\/p>\n<p>Comptez 15 jours minimum \u00e0 partir de la date de commande pour recevoir vos produits.<\/p>\n","protected":false},"excerpt":{"rendered":"<p>Beau plat de pr\u00e9sentation en bois brul\u00e9, 45cm sur 30cm. Son c\u00f4t\u00e9 brut et moderne r\u00e9v\u00e8le la mati\u00e8re et est un avant go\u00fbt de ce que vous offrirez dedans \u00e0 vos convives ! Comptez 15 jours minimum \u00e0 partir de la date de commande pour recevoir vos produits.<\/p>\n","protected":false},"featured_media":2687,"template":"","meta":[],"product_cat":[33],"product_tag":[],"_links":{"self":[{"href":"https:\/\/www.daphneboutique.fr\/index.php\/wp-json\/wp\/v2\/product\/2688"}],"collection":[{"href":"https:\/\/www.daphneboutique.fr\/index.php\/wp-json\/wp\/v2\/product"}],"about":[{"href":"https:\/\/www.daphneboutique.fr\/index.php\/wp-json\/wp\/v2\/types\/product"}],"wp:featuredmedia":[{"embeddable":true,"href":"https:\/\/www.daphneboutique.fr\/index.php\/wp-json\/wp\/v2\/media\/2687"}],"wp:attachment":[{"href":"https:\/\/www.daphneboutique.fr\/index.php\/wp-json\/wp\/v2\/media?parent=2688"}],"wp:term":[{"taxonomy":"product_cat","embeddable":true,"href":"https:\/\/www.daphneboutique.fr\/index.php\/wp-json\/wp\/v2\/product_cat?post=2688"},{"taxonomy":"product_tag","embeddable":true,"href":"https:\/\/www.daphneboutique.fr\/index.php\/wp-json\/wp\/v2\/product_tag?post=2688"}],"curies":[{"name":"wp","href":"https:\/\/api.w.org\/{rel}","templated":true}]}}