{"id":2588,"date":"2022-01-07T22:59:04","date_gmt":"2022-01-07T21:59:04","guid":{"rendered":"https:\/\/www.daphneboutique.fr\/index.php\/product\/plat-de-presentation-en-bois-brule\/"},"modified":"2022-05-04T09:07:14","modified_gmt":"2022-05-04T07:07:14","slug":"plat-de-presentation-en-bois-brule","status":"publish","type":"product","link":"https:\/\/www.daphneboutique.fr\/index.php\/product\/plat-de-presentation-en-bois-brule\/","title":{"rendered":"Pani\u00e8re de pr\u00e9sentation en bois \u00ab\u00a0brul\u00e9\u00a0\u00bb"},"content":{"rendered":"<p>Belle pani\u00e8re de pr\u00e9sentation \u00e0 mille facettes en bois brul\u00e9, 30cm sur 22cm. Son c\u00f4t\u00e9 brut et moderne r\u00e9v\u00e8le la mati\u00e8re et est un avant go\u00fbt de ce que vous offrirez dedans \u00e0 vos convives !<\/p>\n<p>Comptez 15 jours \u00e0 partir de la date de commande, pour recevoir vos produits.<\/p>\n","protected":false},"excerpt":{"rendered":"<p>Belle pani\u00e8re de pr\u00e9sentation \u00e0 mille facettes en bois brul\u00e9, 30cm sur 22cm. Son c\u00f4t\u00e9 brut et moderne r\u00e9v\u00e8le la mati\u00e8re et est un avant go\u00fbt de ce que vous offrirez dedans \u00e0 vos convives ! Comptez 15 jours \u00e0 partir de la date de commande, pour recevoir vos produits.<\/p>\n","protected":false},"featured_media":2644,"template":"","meta":[],"product_cat":[33],"product_tag":[],"_links":{"self":[{"href":"https:\/\/www.daphneboutique.fr\/index.php\/wp-json\/wp\/v2\/product\/2588"}],"collection":[{"href":"https:\/\/www.daphneboutique.fr\/index.php\/wp-json\/wp\/v2\/product"}],"about":[{"href":"https:\/\/www.daphneboutique.fr\/index.php\/wp-json\/wp\/v2\/types\/product"}],"wp:featuredmedia":[{"embeddable":true,"href":"https:\/\/www.daphneboutique.fr\/index.php\/wp-json\/wp\/v2\/media\/2644"}],"wp:attachment":[{"href":"https:\/\/www.daphneboutique.fr\/index.php\/wp-json\/wp\/v2\/media?parent=2588"}],"wp:term":[{"taxonomy":"product_cat","embeddable":true,"href":"https:\/\/www.daphneboutique.fr\/index.php\/wp-json\/wp\/v2\/product_cat?post=2588"},{"taxonomy":"product_tag","embeddable":true,"href":"https:\/\/www.daphneboutique.fr\/index.php\/wp-json\/wp\/v2\/product_tag?post=2588"}],"curies":[{"name":"wp","href":"https:\/\/api.w.org\/{rel}","templated":true}]}}