{"id":2352,"date":"2021-05-26T20:36:32","date_gmt":"2021-05-26T18:36:32","guid":{"rendered":"https:\/\/www.daphneboutique.fr\/?post_type=product&#038;p=2352"},"modified":"2022-11-26T13:42:40","modified_gmt":"2022-11-26T12:42:40","slug":"complement-des-commandes","status":"publish","type":"product","link":"https:\/\/www.daphneboutique.fr\/index.php\/product\/complement-des-commandes\/","title":{"rendered":"Gravure suppl\u00e9mentaire sur banc de pri\u00e8re"},"content":{"rendered":"<p>Pr\u00e9cisez ici votre souhait concernant cette gravure oubli\u00e9e ou suppl\u00e9mentaire sur votre banc.<\/p>\n<p>Ce produit vous permet de rajouter une gravure dans votre panier en cas d\u2019oubli lors de la commande de votre banc.<\/p>\n<p>Une unit\u00e9 = une gravure = 10\u20ac suppl\u00e9mentaire<\/p>\n","protected":false},"excerpt":{"rendered":"<p>Pr\u00e9cisez ici votre souhait concernant cette gravure oubli\u00e9e ou suppl\u00e9mentaire sur votre banc.<\/p>\n<p>Ce produit vous permet de rajouter une gravure dans votre panier en cas d\u2019oubli lors de la commande de votre banc.<\/p>\n<p>Une unit\u00e9 = une gravure = 10\u20ac suppl\u00e9mentaire<\/p>\n","protected":false},"featured_media":2354,"template":"","meta":[],"product_cat":[97],"product_tag":[],"_links":{"self":[{"href":"https:\/\/www.daphneboutique.fr\/index.php\/wp-json\/wp\/v2\/product\/2352"}],"collection":[{"href":"https:\/\/www.daphneboutique.fr\/index.php\/wp-json\/wp\/v2\/product"}],"about":[{"href":"https:\/\/www.daphneboutique.fr\/index.php\/wp-json\/wp\/v2\/types\/product"}],"wp:featuredmedia":[{"embeddable":true,"href":"https:\/\/www.daphneboutique.fr\/index.php\/wp-json\/wp\/v2\/media\/2354"}],"wp:attachment":[{"href":"https:\/\/www.daphneboutique.fr\/index.php\/wp-json\/wp\/v2\/media?parent=2352"}],"wp:term":[{"taxonomy":"product_cat","embeddable":true,"href":"https:\/\/www.daphneboutique.fr\/index.php\/wp-json\/wp\/v2\/product_cat?post=2352"},{"taxonomy":"product_tag","embeddable":true,"href":"https:\/\/www.daphneboutique.fr\/index.php\/wp-json\/wp\/v2\/product_tag?post=2352"}],"curies":[{"name":"wp","href":"https:\/\/api.w.org\/{rel}","templated":true}]}}